{"id":802,"date":"2021-03-22T10:37:01","date_gmt":"2021-03-22T09:37:01","guid":{"rendered":"https:\/\/dev.gs-alt-wolfsburg.de\/?page_id=802"},"modified":"2026-03-25T10:18:38","modified_gmt":"2026-03-25T09:18:38","slug":"schulanfaenger-21-22","status":"publish","type":"page","link":"https:\/\/dev.gs-alt-wolfsburg.de\/?page_id=802","title":{"rendered":"Schulanf\u00e4nger 26\/27"},"content":{"rendered":"\n<h2 class=\"wp-block-heading\">Informationsabend zur Ganztagsbetreuung<\/h2>\n\n\n\n<p>Am 13.04.2026 um 18 Uhr erhalten Sie alle n\u00f6tigen Informationen rund um die Ganztagsbetreuung inkl. Formulare zur Anmeldung.<\/p>\n\n\n\n<div data-wp-interactive=\"\" class=\"wp-block-file\"><object data-wp-bind--hidden=\"!selectors.core.file.hasPdfPreview\" hidden class=\"wp-block-file__embed\" data=\"https:\/\/dev.gs-alt-wolfsburg.de\/wp-content\/uploads\/2026\/03\/Einladung-Elternabend_OGS.pdf\" type=\"application\/pdf\" style=\"width:100%;height:600px\" aria-label=\"Einbettung von Einladung Elternabend OGS.\"><\/object><a id=\"wp-block-file--media-abd722da-2457-47b3-af31-e782ad613880\" href=\"https:\/\/dev.gs-alt-wolfsburg.de\/wp-content\/uploads\/2026\/03\/Einladung-Elternabend_OGS.pdf\">Einladung Elternabend OGS<\/a><a href=\"https:\/\/dev.gs-alt-wolfsburg.de\/wp-content\/uploads\/2026\/03\/Einladung-Elternabend_OGS.pdf\" class=\"wp-block-file__button wp-element-button\" download aria-describedby=\"wp-block-file--media-abd722da-2457-47b3-af31-e782ad613880\">Herunterladen<\/a><\/div>\n\n\n\n<p><\/p>\n\n\n\n<h2 class=\"wp-block-heading\">Infobl\u00e4tter<\/h2>\n\n\n\n<p>Liebe Eltern,<\/p>\n\n\n\n<p>in den beigef\u00fcgten Dateien finden Sie ein Faltblatt mit den wichtigsten Informationen zu unserer Schule sowie ein Anschreiben bez\u00fcglich einer \u00c4nderung bei der Sch\u00fclerbef\u00f6rderung der Stadt Wolfsburg mit dem Bus.<\/p>\n\n\n\n<div class=\"wp-block-file\"><a id=\"wp-block-file--media-4265af8b-91cc-461f-afb7-0f60a872bcc0\" href=\"https:\/\/dev.gs-alt-wolfsburg.de\/wp-content\/uploads\/2022\/03\/Faltblatt-Alt-Wolfsburg-03.2022.pdf\">Faltblatt<\/a><a href=\"https:\/\/dev.gs-alt-wolfsburg.de\/wp-content\/uploads\/2022\/03\/Faltblatt-Alt-Wolfsburg-03.2022.pdf\" class=\"wp-block-file__button wp-element-button\" download aria-describedby=\"wp-block-file--media-4265af8b-91cc-461f-afb7-0f60a872bcc0\">Herunterladen<\/a><\/div>\n\n\n\n<div class=\"wp-block-file\"><a id=\"wp-block-file--media-a26afcbb-1e95-4589-ba13-8d0c661093d9\" href=\"https:\/\/dev.gs-alt-wolfsburg.de\/wp-content\/uploads\/2024\/06\/Anschreiben-Eltern-D-Ticket.pdf\">Anschreiben Deutschlandticket<\/a><a href=\"https:\/\/dev.gs-alt-wolfsburg.de\/wp-content\/uploads\/2024\/06\/Anschreiben-Eltern-D-Ticket.pdf\" class=\"wp-block-file__button wp-element-button\" download aria-describedby=\"wp-block-file--media-a26afcbb-1e95-4589-ba13-8d0c661093d9\">Herunterladen<\/a><\/div>\n\n\n\n<div class=\"wp-block-file\"><a id=\"wp-block-file--media-97c61453-ba33-46db-8a01-a0d6d59c050f\" href=\"https:\/\/dev.gs-alt-wolfsburg.de\/wp-content\/uploads\/2024\/06\/2024-06-07_FAQ-SSZK_D-Ticket_PI.pdf\">Fragen &amp; Antworten zum Deutschlandticket<\/a><a href=\"https:\/\/dev.gs-alt-wolfsburg.de\/wp-content\/uploads\/2024\/06\/2024-06-07_FAQ-SSZK_D-Ticket_PI.pdf\" class=\"wp-block-file__button wp-element-button\" download aria-describedby=\"wp-block-file--media-97c61453-ba33-46db-8a01-a0d6d59c050f\">Herunterladen<\/a><\/div>\n\n\n\n<h2 class=\"wp-block-heading\">Imagefilm<\/h2>\n\n\n\n<p>Liebe Eltern, liebe Kinder,<\/p>\n\n\n\n<p>wenn Sie dem Link folgen, bekommen Sie einen ersten Eindruck von unserer Schule. Wir hoffen, der Film gef\u00e4llt Ihnen und weckt bei den Kindern die Vorfreude auf die Einschulung im Sommer. Bitte beachten Sie, dass die Schulleitung im Sommer 2021 gewechselt hat. Auch hier finden Sie auf dem YouTube-Kanal einen Beitrag, in dem sich Frau Feistner in einem Interview vorstellt.<\/p>\n\n\n\n<figure class=\"wp-block-embed is-type-video is-provider-youtube wp-block-embed-youtube wp-embed-aspect-16-9 wp-has-aspect-ratio\"><div class=\"wp-block-embed__wrapper\">\n<iframe loading=\"lazy\" title=\"Imagefilm Grundschule Alt-Wolfsburg\" width=\"720\" height=\"405\" src=\"https:\/\/www.youtube.com\/embed\/kdvKpb4Q_E8?feature=oembed\" frameborder=\"0\" allow=\"accelerometer; autoplay; clipboard-write; encrypted-media; gyroscope; picture-in-picture; web-share\" referrerpolicy=\"strict-origin-when-cross-origin\" allowfullscreen><\/iframe>\n<\/div><\/figure>\n\n\n\n<p><\/p>\n","protected":false},"excerpt":{"rendered":"<p>Informationsabend zur Ganztagsbetreuung Am 13.04.2026 um 18 Uhr erhalten Sie alle n\u00f6tigen Informationen rund um die Ganztagsbetreuung inkl. Formulare zur Anmeldung. Infobl\u00e4tter Liebe Eltern, in den beigef\u00fcgten Dateien finden Sie ein Faltblatt mit den wichtigsten Informationen zu unserer Schule sowie ein Anschreiben bez\u00fcglich einer \u00c4nderung bei der Sch\u00fclerbef\u00f6rderung der Stadt Wolfsburg mit dem Bus. Imagefilm [&hellip;]<\/p>\n","protected":false},"author":2,"featured_media":0,"parent":0,"menu_order":6,"comment_status":"closed","ping_status":"closed","template":"","meta":{"footnotes":""},"_links":{"self":[{"href":"https:\/\/dev.gs-alt-wolfsburg.de\/index.php?rest_route=\/wp\/v2\/pages\/802"}],"collection":[{"href":"https:\/\/dev.gs-alt-wolfsburg.de\/index.php?rest_route=\/wp\/v2\/pages"}],"about":[{"href":"https:\/\/dev.gs-alt-wolfsburg.de\/index.php?rest_route=\/wp\/v2\/types\/page"}],"author":[{"embeddable":true,"href":"https:\/\/dev.gs-alt-wolfsburg.de\/index.php?rest_route=\/wp\/v2\/users\/2"}],"replies":[{"embeddable":true,"href":"https:\/\/dev.gs-alt-wolfsburg.de\/index.php?rest_route=%2Fwp%2Fv2%2Fcomments&post=802"}],"version-history":[{"count":23,"href":"https:\/\/dev.gs-alt-wolfsburg.de\/index.php?rest_route=\/wp\/v2\/pages\/802\/revisions"}],"predecessor-version":[{"id":2493,"href":"https:\/\/dev.gs-alt-wolfsburg.de\/index.php?rest_route=\/wp\/v2\/pages\/802\/revisions\/2493"}],"wp:attachment":[{"href":"https:\/\/dev.gs-alt-wolfsburg.de\/index.php?rest_route=%2Fwp%2Fv2%2Fmedia&parent=802"}],"curies":[{"name":"wp","href":"https:\/\/api.w.org\/{rel}","templated":true}]}}