{"id":200,"date":"2019-06-03T17:15:15","date_gmt":"2019-06-03T15:15:15","guid":{"rendered":"http:\/\/www.gs-alt-wolfsburg.de\/wp\/?page_id=200"},"modified":"2025-09-23T08:53:38","modified_gmt":"2025-09-23T06:53:38","slug":"foerderverein","status":"publish","type":"page","link":"https:\/\/dev.gs-alt-wolfsburg.de\/?page_id=200","title":{"rendered":"F\u00f6rderverein"},"content":{"rendered":"\n<figure class=\"wp-block-image size-large\"><img loading=\"lazy\" decoding=\"async\" width=\"1024\" height=\"712\" src=\"https:\/\/dev.gs-alt-wolfsburg.de\/wp-content\/uploads\/2025\/09\/IMG_0117_bearb-40-kontrast-min-1024x712.jpg\" alt=\"\" class=\"wp-image-2175\" srcset=\"https:\/\/dev.gs-alt-wolfsburg.de\/wp-content\/uploads\/2025\/09\/IMG_0117_bearb-40-kontrast-min-1024x712.jpg 1024w, https:\/\/dev.gs-alt-wolfsburg.de\/wp-content\/uploads\/2025\/09\/IMG_0117_bearb-40-kontrast-min-300x209.jpg 300w, https:\/\/dev.gs-alt-wolfsburg.de\/wp-content\/uploads\/2025\/09\/IMG_0117_bearb-40-kontrast-min-768x534.jpg 768w, https:\/\/dev.gs-alt-wolfsburg.de\/wp-content\/uploads\/2025\/09\/IMG_0117_bearb-40-kontrast-min-1536x1068.jpg 1536w, https:\/\/dev.gs-alt-wolfsburg.de\/wp-content\/uploads\/2025\/09\/IMG_0117_bearb-40-kontrast-min-2048x1423.jpg 2048w\" sizes=\"(max-width: 1024px) 100vw, 1024px\" \/><\/figure>\n\n\n\n<div style=\"height:47px\" aria-hidden=\"true\" class=\"wp-block-spacer\"><\/div>\n\n\n\n<h3 class=\"wp-block-heading\">Warum braucht unsere Grundschule einen F\u00f6rderverein?<\/h3>\n\n\n\n<p>Liebe Eltern, liebe Erziehungsberechtigte,<\/p>\n\n\n\n<p>unsere Schule ist ein Ort des Lernens, des Miteinanders und der Entwicklung. Damit unsere Kinder nicht nur gut unterrichtet werden, sondern auch \u00fcber den Lehrplan hinaus gef\u00f6rdert werden k\u00f6nnen, braucht es mehr als das staatlich finanzierte Budget leisten kann. Genau hier setzt der&nbsp;<strong>F\u00f6rderverein unserer Grundschule<\/strong>&nbsp;an.<\/p>\n\n\n\n<p>Der F\u00f6rderverein unterst\u00fctzt zahlreiche Projekte, die direkt den Kindern zugutekommen \u2013 z.\u202fB.:<\/p>\n\n\n\n<ul>\n<li>die Anschaffung zus\u00e4tzlicher Lern- und Spielmaterialien<\/li>\n\n\n\n<li>die Mitfinanzierung von Schulveranstaltungen und Ausfl\u00fcgen<\/li>\n\n\n\n<li>die Unterst\u00fctzung bed\u00fcrftiger Familien bei Klassenfahrten<\/li>\n\n\n\n<li>die Gestaltung eines lebendigen und kinderfreundlichen Schulumfelds<\/li>\n<\/ul>\n\n\n\n<p>Diese wertvolle Arbeit ist nur durch das&nbsp;<strong>Engagement und die finanzielle Unterst\u00fctzung<\/strong>&nbsp;von Eltern und F\u00f6rderern m\u00f6glich.<\/p>\n\n\n\n<h3 class=\"wp-block-heading\">Unser Aufruf: Werden Sie Mitglied!&nbsp;<\/h3>\n\n\n\n<p>Mit einem j\u00e4hrlichen Mitgliedsbeitrag von nur&nbsp;<strong>15\u202f\u20ac<\/strong>&nbsp;helfen Sie mit, diese wichtigen Projekte auch in Zukunft zu erm\u00f6glichen. Der Betrag ist bewusst niedrig gehalten, damit m\u00f6glichst viele Familien mitmachen k\u00f6nnen. Selbstverst\u00e4ndlich k\u00f6nnen Sie den Beitrag freiwillig aufstocken oder zus\u00e4tzlich spenden.<\/p>\n\n\n\n<p><strong>Jede Mitgliedschaft z\u00e4hlt \u2013 f\u00fcr unsere Kinder.<\/strong><\/p>\n\n\n\n<p><\/p>\n\n\n\n<p><\/p>\n\n\n\n<p><\/p>\n\n\n\n<form action=\"https:\/\/www.paypal.com\/donate\" method=\"post\" target=\"_top\">\n<input type=\"hidden\" name=\"hosted_button_id\" value=\"PFDEE5MS7WU6E\"><br>\n<input type=\"image\" src=\"https:\/\/www.paypalobjects.com\/de_DE\/DE\/i\/btn\/btn_donate_LG.gif\" border=\"0\" name=\"submit\" title=\"PayPal - The safer, easier way to pay online!\" alt=\"Spenden mit dem PayPal-Button\"><br>\n<img loading=\"lazy\" decoding=\"async\" alt=\"\" border=\"0\" src=\"https:\/\/www.paypal.com\/de_DE\/i\/scr\/pixel.gif\" width=\"1\" height=\"1\"><br>\n<\/form>\n\n\n\n<p>Bankverbindung:<\/p>\n\n\n\n<p><sup>Sparkasse Gifhorn-Wolfsburg<br>IBAN: DE15 2695 1311 0161 4220 76<br>BIC: NOLADE21GFW<\/sup><\/p>\n\n\n\n<p>Postanschrift:<\/p>\n\n\n\n<p><sup>F\u00f6rderverein der Grundschule 7 \u2013 Alt-Wolfsburg e.V.<br>Am Lerchengarten 30<br>38448 Wolfsburg<\/sup><\/p>\n\n\n\n<p>Telefon: 0 53 63 &#8211; 81 14 99<\/p>\n\n\n\n<p>E-Mail-Adresse: foerderverein-gs7@wolfsburg.de<\/p>\n\n\n\n<p><u><a href=\"https:\/\/dev.gs-alt-wolfsburg.de\/wp-content\/uploads\/2024\/04\/MitgliedsantragFoeGS7_web-1.pdf\">Mitgliedsantrag herunterladen<\/a><\/u><\/p>\n\n\n\n<p><a href=\"https:\/\/dev.gs-alt-wolfsburg.de\/wp-content\/uploads\/2024\/07\/Flyer_web.pdf\">Flyer herunterlad<\/a><a class=\"block-editor-rich-text__editable rich-text\" role=\"textbox\" contenteditable=\"true\" aria-multiline=\"true\" aria-label=\"Schreibe einen Dateinamen\u2026\" href=\"https:\/\/dev.gs-alt-wolfsburg.de\/wp-content\/uploads\/2024\/06\/Flyer_web.pdf\">en<\/a><\/p>\n\n\n\n<div style=\"height:45px\" aria-hidden=\"true\" class=\"wp-block-spacer\"><\/div>\n\n\n\n<h2 class=\"wp-block-heading\">Bundesjugendspiele 2025<\/h2>\n\n\n\n<figure class=\"wp-block-gallery has-nested-images columns-default is-cropped wp-block-gallery-1 is-layout-flex wp-block-gallery-is-layout-flex\">\n<figure class=\"wp-block-image size-large\"><img loading=\"lazy\" decoding=\"async\" width=\"768\" height=\"1024\" data-id=\"2124\" src=\"https:\/\/dev.gs-alt-wolfsburg.de\/wp-content\/uploads\/2025\/09\/bjs_2025_1-768x1024.jpg\" alt=\"\" class=\"wp-image-2124\" srcset=\"https:\/\/dev.gs-alt-wolfsburg.de\/wp-content\/uploads\/2025\/09\/bjs_2025_1-768x1024.jpg 768w, https:\/\/dev.gs-alt-wolfsburg.de\/wp-content\/uploads\/2025\/09\/bjs_2025_1-225x300.jpg 225w, https:\/\/dev.gs-alt-wolfsburg.de\/wp-content\/uploads\/2025\/09\/bjs_2025_1-1152x1536.jpg 1152w, https:\/\/dev.gs-alt-wolfsburg.de\/wp-content\/uploads\/2025\/09\/bjs_2025_1.jpg 1200w\" sizes=\"(max-width: 768px) 100vw, 768px\" \/><\/figure>\n\n\n\n<figure class=\"wp-block-image size-large\"><img loading=\"lazy\" decoding=\"async\" width=\"768\" height=\"1024\" data-id=\"2127\" src=\"https:\/\/dev.gs-alt-wolfsburg.de\/wp-content\/uploads\/2025\/09\/bjs_2025_2-768x1024.jpg\" alt=\"\" class=\"wp-image-2127\" srcset=\"https:\/\/dev.gs-alt-wolfsburg.de\/wp-content\/uploads\/2025\/09\/bjs_2025_2-768x1024.jpg 768w, https:\/\/dev.gs-alt-wolfsburg.de\/wp-content\/uploads\/2025\/09\/bjs_2025_2-225x300.jpg 225w, https:\/\/dev.gs-alt-wolfsburg.de\/wp-content\/uploads\/2025\/09\/bjs_2025_2-1152x1536.jpg 1152w, https:\/\/dev.gs-alt-wolfsburg.de\/wp-content\/uploads\/2025\/09\/bjs_2025_2.jpg 1200w\" sizes=\"(max-width: 768px) 100vw, 768px\" \/><\/figure>\n\n\n\n<figure class=\"wp-block-image size-large\"><img loading=\"lazy\" decoding=\"async\" width=\"1024\" height=\"845\" data-id=\"2121\" src=\"https:\/\/dev.gs-alt-wolfsburg.de\/wp-content\/uploads\/2025\/09\/bjs_2025_3-1024x845.jpg\" alt=\"\" class=\"wp-image-2121\" srcset=\"https:\/\/dev.gs-alt-wolfsburg.de\/wp-content\/uploads\/2025\/09\/bjs_2025_3-1024x845.jpg 1024w, https:\/\/dev.gs-alt-wolfsburg.de\/wp-content\/uploads\/2025\/09\/bjs_2025_3-300x248.jpg 300w, https:\/\/dev.gs-alt-wolfsburg.de\/wp-content\/uploads\/2025\/09\/bjs_2025_3-768x634.jpg 768w, https:\/\/dev.gs-alt-wolfsburg.de\/wp-content\/uploads\/2025\/09\/bjs_2025_3.jpg 1454w\" sizes=\"(max-width: 1024px) 100vw, 1024px\" \/><\/figure>\n<\/figure>\n\n\n\n<p>Wir bedanken uns ganz herzlich bei der B\u00e4ckerei Cadera aus Wolfsburg f\u00fcr die gro\u00dfz\u00fcgige Unterst\u00fctzung beim gesunden Fr\u00fchst\u00fcck anl\u00e4sslich der Bundesjugendspiele. Bereits seit zwei Jahren begleitet uns Cadera bei dieser Aktion \u2013 daf\u00fcr m\u00f6chten wir ein ganz besonderes Dankesch\u00f6n aussprechen! Die leckeren und frischen Backwaren kamen auch dieses Jahr wieder super bei den Kindern an \u2013 die Begeisterung war gro\u00df!<br>Ein ebenso gro\u00dfes Dankesch\u00f6n gilt allen helfenden Eltern, die beim Aufbau und der Betreuung des Buffets tatkr\u00e4ftig mitgewirkt haben. Ohne eure Hilfe w\u00e4re diese sch\u00f6ne Aktion zum sportlichen Highlight des Schuljahres nicht m\u00f6glich gewesen.<\/p>\n\n\n\n<p>Euer F\u00f6rderverein<\/p>\n\n\n\n<div style=\"height:32px\" aria-hidden=\"true\" class=\"wp-block-spacer\"><\/div>\n\n\n\n<h2 class=\"wp-block-heading\">Softeis-Aktion zum Schuljahresende &#8211; ein voller Erfolg!<\/h2>\n\n\n\n<p>Was f\u00fcr ein sch\u00f6ner Abschluss vor den Sommerferien! Am letzten Schultag \u00fcberraschte der&nbsp;<strong>F\u00f6rderverein<\/strong>&nbsp;alle Kinder unserer Schule mit einer&nbsp;<strong>leckeren Portion Soft-Eis<\/strong>&nbsp;\u2013 und das bei bestem Sommerwetter!&nbsp;In nur&nbsp;<strong>zwei Stunden<\/strong>&nbsp;wurden unglaubliche&nbsp;<strong>300 Portionen Eis<\/strong>&nbsp;ausgegeben \u2013 die Freude bei den Kindern war riesig und die leuchtenden Augen unbezahlbar.&nbsp;<\/p>\n\n\n\n<figure class=\"wp-block-gallery has-nested-images columns-default is-cropped wp-block-gallery-2 is-layout-flex wp-block-gallery-is-layout-flex\">\n<figure class=\"wp-block-image size-large\"><img loading=\"lazy\" decoding=\"async\" width=\"1024\" height=\"768\" data-id=\"2154\" src=\"https:\/\/dev.gs-alt-wolfsburg.de\/wp-content\/uploads\/2025\/09\/IMG_2997_11zon-1024x768.jpeg\" alt=\"\" class=\"wp-image-2154\" srcset=\"https:\/\/dev.gs-alt-wolfsburg.de\/wp-content\/uploads\/2025\/09\/IMG_2997_11zon-1024x768.jpeg 1024w, https:\/\/dev.gs-alt-wolfsburg.de\/wp-content\/uploads\/2025\/09\/IMG_2997_11zon-300x225.jpeg 300w, https:\/\/dev.gs-alt-wolfsburg.de\/wp-content\/uploads\/2025\/09\/IMG_2997_11zon-768x576.jpeg 768w, https:\/\/dev.gs-alt-wolfsburg.de\/wp-content\/uploads\/2025\/09\/IMG_2997_11zon-1536x1152.jpeg 1536w, https:\/\/dev.gs-alt-wolfsburg.de\/wp-content\/uploads\/2025\/09\/IMG_2997_11zon-2048x1536.jpeg 2048w\" sizes=\"(max-width: 1024px) 100vw, 1024px\" \/><\/figure>\n\n\n\n<figure class=\"wp-block-image size-large\"><img loading=\"lazy\" decoding=\"async\" width=\"768\" height=\"1024\" data-id=\"2157\" src=\"https:\/\/dev.gs-alt-wolfsburg.de\/wp-content\/uploads\/2025\/09\/IMG_2996_11zon-768x1024.jpeg\" alt=\"\" class=\"wp-image-2157\" srcset=\"https:\/\/dev.gs-alt-wolfsburg.de\/wp-content\/uploads\/2025\/09\/IMG_2996_11zon-768x1024.jpeg 768w, https:\/\/dev.gs-alt-wolfsburg.de\/wp-content\/uploads\/2025\/09\/IMG_2996_11zon-225x300.jpeg 225w, https:\/\/dev.gs-alt-wolfsburg.de\/wp-content\/uploads\/2025\/09\/IMG_2996_11zon-1152x1536.jpeg 1152w, https:\/\/dev.gs-alt-wolfsburg.de\/wp-content\/uploads\/2025\/09\/IMG_2996_11zon-1536x2048.jpeg 1536w, https:\/\/dev.gs-alt-wolfsburg.de\/wp-content\/uploads\/2025\/09\/IMG_2996_11zon-scaled.jpeg 1920w\" sizes=\"(max-width: 768px) 100vw, 768px\" \/><\/figure>\n\n\n\n<figure class=\"wp-block-image size-large\"><img loading=\"lazy\" decoding=\"async\" width=\"768\" height=\"1024\" data-id=\"2160\" src=\"https:\/\/dev.gs-alt-wolfsburg.de\/wp-content\/uploads\/2025\/09\/IMG_2995_11zon-768x1024.jpeg\" alt=\"\" class=\"wp-image-2160\" srcset=\"https:\/\/dev.gs-alt-wolfsburg.de\/wp-content\/uploads\/2025\/09\/IMG_2995_11zon-768x1024.jpeg 768w, https:\/\/dev.gs-alt-wolfsburg.de\/wp-content\/uploads\/2025\/09\/IMG_2995_11zon-225x300.jpeg 225w, https:\/\/dev.gs-alt-wolfsburg.de\/wp-content\/uploads\/2025\/09\/IMG_2995_11zon-1152x1536.jpeg 1152w, https:\/\/dev.gs-alt-wolfsburg.de\/wp-content\/uploads\/2025\/09\/IMG_2995_11zon-1536x2048.jpeg 1536w, https:\/\/dev.gs-alt-wolfsburg.de\/wp-content\/uploads\/2025\/09\/IMG_2995_11zon-scaled.jpeg 1920w\" sizes=\"(max-width: 768px) 100vw, 768px\" \/><\/figure>\n<\/figure>\n\n\n\n<p>Ein gro\u00dfes&nbsp;<strong>DANKESCH\u00d6N<\/strong>&nbsp;an alle&nbsp;<strong>Helferinnen und Helfer<\/strong>, die diesen tollen Moment m\u00f6glich gemacht haben \u2013 sowie an unsere&nbsp;<strong>Mitglieder<\/strong>, durch deren Beitr\u00e4ge solche Aktionen erst finanzierbar werden.<\/p>\n\n\n\n<p><\/p>\n","protected":false},"excerpt":{"rendered":"<p>Warum braucht unsere Grundschule einen F\u00f6rderverein? Liebe Eltern, liebe Erziehungsberechtigte, unsere Schule ist ein Ort des Lernens, des Miteinanders und der Entwicklung. Damit unsere Kinder nicht nur gut unterrichtet werden, sondern auch \u00fcber den Lehrplan hinaus gef\u00f6rdert werden k\u00f6nnen, braucht es mehr als das staatlich finanzierte Budget leisten kann. Genau hier setzt der&nbsp;F\u00f6rderverein unserer Grundschule&nbsp;an. [&hellip;]<\/p>\n","protected":false},"author":1,"featured_media":0,"parent":193,"menu_order":0,"comment_status":"closed","ping_status":"closed","template":"","meta":{"footnotes":""},"_links":{"self":[{"href":"https:\/\/dev.gs-alt-wolfsburg.de\/index.php?rest_route=\/wp\/v2\/pages\/200"}],"collection":[{"href":"https:\/\/dev.gs-alt-wolfsburg.de\/index.php?rest_route=\/wp\/v2\/pages"}],"about":[{"href":"https:\/\/dev.gs-alt-wolfsburg.de\/index.php?rest_route=\/wp\/v2\/types\/page"}],"author":[{"embeddable":true,"href":"https:\/\/dev.gs-alt-wolfsburg.de\/index.php?rest_route=\/wp\/v2\/users\/1"}],"replies":[{"embeddable":true,"href":"https:\/\/dev.gs-alt-wolfsburg.de\/index.php?rest_route=%2Fwp%2Fv2%2Fcomments&post=200"}],"version-history":[{"count":21,"href":"https:\/\/dev.gs-alt-wolfsburg.de\/index.php?rest_route=\/wp\/v2\/pages\/200\/revisions"}],"predecessor-version":[{"id":2184,"href":"https:\/\/dev.gs-alt-wolfsburg.de\/index.php?rest_route=\/wp\/v2\/pages\/200\/revisions\/2184"}],"up":[{"embeddable":true,"href":"https:\/\/dev.gs-alt-wolfsburg.de\/index.php?rest_route=\/wp\/v2\/pages\/193"}],"wp:attachment":[{"href":"https:\/\/dev.gs-alt-wolfsburg.de\/index.php?rest_route=%2Fwp%2Fv2%2Fmedia&parent=200"}],"curies":[{"name":"wp","href":"https:\/\/api.w.org\/{rel}","templated":true}]}}