{"id":196,"date":"2019-06-03T17:13:52","date_gmt":"2019-06-03T15:13:52","guid":{"rendered":"http:\/\/www.gs-alt-wolfsburg.de\/wp\/?page_id=196"},"modified":"2019-06-03T17:13:52","modified_gmt":"2019-06-03T15:13:52","slug":"leitbild","status":"publish","type":"page","link":"https:\/\/dev.gs-alt-wolfsburg.de\/?page_id=196","title":{"rendered":"Leitbild"},"content":{"rendered":"<ul>\n<li>Wir alle an der GS Alt-Wolfsburg legen Wert auf die Entwicklung von Selbstst\u00e4ndigkeit und Eigenverantwortung unserer sozial verantwortlich handelnden Sch\u00fcler.<\/li>\n<li>Wir schaffen f\u00fcr jeden Einzelnen M\u00f6glichkeiten, sich entsprechend seiner individuellen F\u00e4higkeiten weiterzuentwickeln, insbesondere in den sozialen, sprachlichen und sportlichen Bereichen.<\/li>\n<li>Wir pflegen eine wertsch\u00e4tzende Zusammenarbeit aller an Schule Beteiligten. Transparenz und Mitverantwortung sind uns wichtig.<\/li>\n<li>Wir entwickeln uns als Schule st\u00e4ndig weiter und bleiben damit in \u201eBewegung\u201c.<\/li>\n<li>Wir sind \u201eSportfreundliche Schule\u201c und unterbreiten unseren Sch\u00fclern vielf\u00e4ltige, handlungsorientierte<br \/>\nBildungsangebote.<\/li>\n<li>Wir gestalten unsere offene Ganztagsschule in und um Alt-Wolfsburg als aktiven Lebensraum. Dabei stellt die intensive Kooperation mit der Peter-Pan-Schule eine Bereicherung dar.<\/li>\n<\/ul>\n<p style=\"text-align: right;\">\n","protected":false},"excerpt":{"rendered":"<p>Wir alle an der GS Alt-Wolfsburg legen Wert auf die Entwicklung von Selbstst\u00e4ndigkeit und Eigenverantwortung unserer sozial verantwortlich handelnden Sch\u00fcler. Wir schaffen f\u00fcr jeden Einzelnen M\u00f6glichkeiten, sich entsprechend seiner individuellen F\u00e4higkeiten weiterzuentwickeln, insbesondere in den sozialen, sprachlichen und sportlichen Bereichen. Wir pflegen eine wertsch\u00e4tzende Zusammenarbeit aller an Schule Beteiligten. Transparenz und Mitverantwortung sind uns wichtig. [&hellip;]<\/p>\n","protected":false},"author":1,"featured_media":0,"parent":193,"menu_order":0,"comment_status":"closed","ping_status":"closed","template":"","meta":{"footnotes":""},"_links":{"self":[{"href":"https:\/\/dev.gs-alt-wolfsburg.de\/index.php?rest_route=\/wp\/v2\/pages\/196"}],"collection":[{"href":"https:\/\/dev.gs-alt-wolfsburg.de\/index.php?rest_route=\/wp\/v2\/pages"}],"about":[{"href":"https:\/\/dev.gs-alt-wolfsburg.de\/index.php?rest_route=\/wp\/v2\/types\/page"}],"author":[{"embeddable":true,"href":"https:\/\/dev.gs-alt-wolfsburg.de\/index.php?rest_route=\/wp\/v2\/users\/1"}],"replies":[{"embeddable":true,"href":"https:\/\/dev.gs-alt-wolfsburg.de\/index.php?rest_route=%2Fwp%2Fv2%2Fcomments&post=196"}],"version-history":[{"count":0,"href":"https:\/\/dev.gs-alt-wolfsburg.de\/index.php?rest_route=\/wp\/v2\/pages\/196\/revisions"}],"up":[{"embeddable":true,"href":"https:\/\/dev.gs-alt-wolfsburg.de\/index.php?rest_route=\/wp\/v2\/pages\/193"}],"wp:attachment":[{"href":"https:\/\/dev.gs-alt-wolfsburg.de\/index.php?rest_route=%2Fwp%2Fv2%2Fmedia&parent=196"}],"curies":[{"name":"wp","href":"https:\/\/api.w.org\/{rel}","templated":true}]}}